{"id":296,"date":"2024-04-28T16:09:01","date_gmt":"2024-04-28T14:09:01","guid":{"rendered":"https:\/\/st-anna-kapelle-westbevern.de\/?page_id=296"},"modified":"2024-04-28T17:04:53","modified_gmt":"2024-04-28T15:04:53","slug":"impressum","status":"publish","type":"page","link":"https:\/\/st-anna-kapelle-westbevern.de\/?page_id=296","title":{"rendered":"Impressum"},"content":{"rendered":"\n<h2 class=\"wp-block-heading\">F\u00fcr den Inhalt verantwortlich<\/h2>\n\n\n\n<h2 class=\"wp-block-heading\">Angaben gem\u00e4\u00df \u00a7 5 TMG<\/h2>\n\n\n\n<p>F\u00f6rderverein der St. Anna-Kapelle-Westbevern<br>Fredde 19a<br>48291 Telgte-Westbevern<br>VR 6137 Amtsgericht Warendorf<\/p>\n\n\n\n<p><strong>Vertreten durch:<\/strong> Vorsitzender Herr Wilhelm Westbrink<br><\/p>\n\n\n\n<h2 class=\"wp-block-heading\">Kontakt:<\/h2>\n\n\n\n<h4 class=\"wp-block-heading\"><strong>Tel.: 02504-9334849<br>E-Mail: info@st-anna-kapelle-westbevern.de<\/strong><\/h4>\n\n\n\n<h2 class=\"wp-block-heading\">Haftung f\u00fcr Links<\/h2>\n\n\n\n<p>Unser Angebot enth\u00e4lt Links zu externen Websites Dritter, auf deren Inhalte wir keinen Einfluss haben. Deshalb k\u00f6nnen wir f\u00fcr diese fremden Inhalte auch keine Gew\u00e4hr \u00fcbernehmen. F\u00fcr die Inhalte der verlinkten Seiten ist stets der jeweilige Anbieter oder Betreiber der Seiten verantwortlich. Die verlinkten Seiten wurden zum Zeitpunkt der Verlinkung auf m\u00f6gliche Rechtsverst\u00f6\u00dfe \u00fcberpr\u00fcft. Rechtswidrige Inhalte waren zum Zeitpunkt der Verlinkung nicht erkennbar.<\/p>\n\n\n\n<p>Eine permanente inhaltliche Kontrolle der verlinkten Seiten ist jedoch ohne konkrete Anhaltspunkte einer Rechtsverletzung nicht zumutbar. Bei Bekanntwerden von Rechtsverletzungen werden wir derartige Links umgehend entfernen.<\/p>\n\n\n\n<h3 class=\"wp-block-heading\">Urheberrecht<\/h3>\n\n\n\n<p>Die durch die Seitenbetreiber erstellten Inhalte und Werke auf diesen Seiten unterliegen dem deutschen Urheberrecht. Die Vervielf\u00e4ltigung, Bearbeitung, Verbreitung und jede Art der Verwertung au\u00dferhalb der Grenzen des Urheberrechtes bed\u00fcrfen der schriftlichen Zustimmung des jeweiligen Autors bzw. Erstellers. Downloads und Kopien dieser Seite sind nur f\u00fcr den privaten, nicht kommerziellen Gebrauch gestattet.<\/p>\n","protected":false},"excerpt":{"rendered":"<p>F\u00fcr den Inhalt verantwortlich Angaben gem\u00e4\u00df \u00a7 5 TMG F\u00f6rderverein der St. Anna-Kapelle-WestbevernFredde 19a48291 Telgte-WestbevernVR 6137 Amtsgericht Warendorf Vertreten durch: Vorsitzender Herr Wilhelm Westbrink Kontakt: Tel.: 02504-9334849E-Mail: info@st-anna-kapelle-westbevern.de Haftung f\u00fcr&#8230;<\/p>\n","protected":false},"author":2,"featured_media":0,"parent":293,"menu_order":0,"comment_status":"closed","ping_status":"closed","template":"","meta":{"footnotes":""},"class_list":["post-296","page","type-page","status-publish","hentry"],"_links":{"self":[{"href":"https:\/\/st-anna-kapelle-westbevern.de\/index.php?rest_route=\/wp\/v2\/pages\/296","targetHints":{"allow":["GET"]}}],"collection":[{"href":"https:\/\/st-anna-kapelle-westbevern.de\/index.php?rest_route=\/wp\/v2\/pages"}],"about":[{"href":"https:\/\/st-anna-kapelle-westbevern.de\/index.php?rest_route=\/wp\/v2\/types\/page"}],"author":[{"embeddable":true,"href":"https:\/\/st-anna-kapelle-westbevern.de\/index.php?rest_route=\/wp\/v2\/users\/2"}],"replies":[{"embeddable":true,"href":"https:\/\/st-anna-kapelle-westbevern.de\/index.php?rest_route=%2Fwp%2Fv2%2Fcomments&post=296"}],"version-history":[{"count":3,"href":"https:\/\/st-anna-kapelle-westbevern.de\/index.php?rest_route=\/wp\/v2\/pages\/296\/revisions"}],"predecessor-version":[{"id":329,"href":"https:\/\/st-anna-kapelle-westbevern.de\/index.php?rest_route=\/wp\/v2\/pages\/296\/revisions\/329"}],"up":[{"embeddable":true,"href":"https:\/\/st-anna-kapelle-westbevern.de\/index.php?rest_route=\/wp\/v2\/pages\/293"}],"wp:attachment":[{"href":"https:\/\/st-anna-kapelle-westbevern.de\/index.php?rest_route=%2Fwp%2Fv2%2Fmedia&parent=296"}],"curies":[{"name":"wp","href":"https:\/\/api.w.org\/{rel}","templated":true}]}}